vided by s?
10
Let y(g) = 60*g**2 - 5*g - 6. Let v = 5596 - 5538. What is the remainder when y(3) is divided by v?
55
Suppose -3*d = 21 - 132. Suppose -1621 = -d*f + 488. Calculate the remainder when 221 is divided by f.
50
Suppose 4*k + 28 = 228. Suppose -113 = -2*q + 3. Let o = -30 + q. Calculate the remainder when k is divided by o.
22
Suppose w + 47*i - 48*i = 43, 4*w - 5*i - 168 = 0. Let d(c) = -c**3 - c**2 + 4*c - 3. Calculate the remainder when w is divided by d(-4).
18
Let a = -227092 + 227239. Suppose 31 + 7 = w. What is the remainder when a is divided by w?
33
Let s = 1212 + -1184. Suppose 3*z - 160 = -z. Let b = z - 35. Calculate the remainder when s is divided by b.
3
Suppose 18 = 3*c, 51*o + 5*c - 3575 = 46*o. What is the remainder when o is divided by 119?
114
Let d(s) = -111 + 30 + 3*s**2 + 53*s + 24 + 22 + 27. What is the remainder when d(-24) is divided by 30?
28
Let b(u) = -u**3 - 50*u**2 - 306*u - 6. What is the remainder when b(-7) is divided by 12?
5
Suppose 66*y = 72*y - 912. Suppose -y = -5*k + z, 3*z = -4*k + k + 84. Calculate the remainder when 54 is divided by k.
24
Let g(s) = -s**3 - 6*s**2 - 7*s - 1. Suppose -a = 2*q - 6*q + 82, -4*q + 84 = -2*a. Calculate the remainder when 3 - (q*-1 - 1) is divided by g(-5).
6
Let r = 277 + -27. Let z = -247 + r. Let j(b) = b**2 - 4*b - 2. What is the remainder when j(6) is divided by z?
1
Let y = 1038 + -681. Let q = y + -338. Suppose 5*h + 45 = j, 5*h = 4*h - 2. Calculate the remainder when j is divided by q.
16
Suppose 132*u + 12950 = -49*u + 35213. Calculate the remainder when 748 is divided by u.
10
Let z = -4537 - -6335. What is the remainder when z is divided by 898?
2
Let s be ((-27)/(-6))/((-14)/(-8) + -1). Calculate the remainder when 79 is divided by 3*s - (-20 - -19).
3
Suppose -5*s - 15 = 0, 4*n + 3*s - 239 = -0*n. What is the remainder when n is divided by 9/(-7) - (-177560)/6755?
12
Suppose -2*v + 6356 = -5*j, -5*j + 71 + 12701 = 4*v. Calculate the remainder when v is divided by 152.
148
Let i(d) = -d**2 - 8*d - 4. Let r be i(-7). Let w(t) = t**3 - 2*t**2 + 4. Let o = -258 - -302. Calculate the remainder when o is divided by w(r).
5
Suppose -581*i = -631*i + 18050. Calculate the remainder when 366 is divided by i.
5
Let l(q) = 5*q - 3. Suppose 4*f = -0*v + 2*v - 228, -v + f + 111 = 0. Suppose -3*o + v = 3*o. Calculate the remainder when l(o) is divided by 31.
25
Suppose 6*h = -39 + 129. Suppose -2*p = 18*d - 14*d - 46, 5*d = 4*p + 25. Calculate the remainder when h is divided by d.
6
What is the remainder when (-1050784)/(-2240) + 1 + 22/(-20) is divided by 122?
103
What is the remainder when (-184)/(-23) + 2 + 65 is divided by 1/(-3) - (-328)/12?
21
Let y(a) = -a**3 - 28*a**2 + 22*a + 812. What is the remainder when 197 is divided by y(-28)?
1
Suppose -9*q + 12*q - 240 = 0. Calculate the remainder when 173 is divided by (24/20)/(486/q + -6).
13
Let z be (-46)/14 - (-90)/315. Let x(a) = a**3 + 2*a**2 - 3*a + 10. What is the remainder when 11 is divided by x(z)?
1
Let w(d) = 3*d**2 + 7*d - 26. Let q = 96 + -102. What is the remainder when w(q) is divided by 22?
18
Let o(y) = y**3 + 27*y**2 + 31*y + 229. What is the remainder when o(-26) is divided by 30?
9
Suppose -4*w = n - 51, -4*n + 16*w + 90 = 13*w. Calculate the remainder when 1750 is divided by n.
22
Let x(i) = 9*i - 20. Suppose 2*q - 4 = p, 0*p = -3*q + p + 7. Suppose 2*s + 2 = 3*b, -26 = q*b - 7*b - 2*s. Calculate the remainder when 78 is divided by x(b).
14
Let n(l) = -l**3 - 7*l**2 - 15*l + 2. Let f be (-14 + 8)*(-14)/(-21). What is the remainder when 67 is divided by n(f)?
11
Suppose -13*w = -10*w - 9. Suppose 2*y = 7*y - 160. Suppose -2*j + 37 = j + 5*i, -w*j + y = 4*i. What is the remainder when 4 is divided by j?
0
Let o(k) = k**3 - 20*k**2 + 18*k + 22. Let h be o(19). Calculate the remainder when -1 + 1 + (165 - h) is divided by 55.
52
Suppose -15075*m - 281 = -15124*m + 160. Calculate the remainder when 3625 is divided by m.
7
Suppose 0 = 2*m + 3*c - 280, 8*m + 5*c = 10*m - 296. What is the remainder when m is divided by 132?
11
Suppose -4*n - 16 = 0, -l - l + 986 = -3*n. Let g = 3414 + -3344. Calculate the remainder when l is divided by g.
67
Suppose -442*y + 446*y - 408 = -4*c, 0 = y + 4*c - 96. Calculate the remainder when 4883 is divided by y.
99
Calculate the remainder when -21*12*(-24)/72 is divided by 84.
0
Let b(w) = 55 - 70 - 3*w**2 - 15*w + 2*w**2. Let d(k) = -3*k - 6. What is the remainder when b(-7) is divided by d(-4)?
5
Let l(n) = -n + 12 - 12 + 21. Suppose -36 = -5*v - 2*a, 12*a = 13*a - 3. What is the remainder when 43 is divided by l(v)?
13
Let v = -514 + 816. What is the remainder when v is divided by 26?
16
Suppose 5*n + 163 = 4*j, j + 36*n - 49 = 40*n. Calculate the remainder when 196 is divided by j.
11
Let f = -1320 + 1810. Calculate the remainder when f is divided by 74.
46
Suppose -4*p = -3*b - 24, -b = 2*p + b - 12. Suppose 2*t + 3 = 13. Suppose 0*d = -d - 2, -3*d + 4 = t*y. Calculate the remainder when p is divided by y.
0
Let s = -143 + 144. What is the remainder when 273 + 25 - 7/s is divided by 21?
18
Suppose g = 4*r - 2 - 22, 5*g - 2*r = -138. What is the remainder when -3*(1 - 0) - 2520/g is divided by 15?
12
Let v = 4939 + -4803. What is the remainder when 5847 is divided by v?
135
Let z = 12565 + -12461. Calculate the remainder when z is divided by 22.
16
Let r be 97/(-8) + (2/16 - 0). Let d = r - -58. What is the remainder when d is divided by 10?
6
Let b = 2399 - 2102. Calculate the remainder when b is divided by 64.
41
Suppose 0 = 8*p - 7*p - 166. Suppose -12*u + p = -446. Calculate the remainder when (-1*(-6)/(-6))/((-1)/202) is divided by u.
49
Suppose 15*m + 13*m - 14028 = 0. Calculate the remainder when 1014 is divided by m.
12
Suppose -31*v + 211 + 6 = 0. Let t(w) = w**2 - 3*w - 7. Calculate the remainder when v is divided by t(-2).
1
Let z(q) = -q**3 - 14*q**2 - 17*q - 26. Let u be z(-13). Let a = 73 - u. Calculate the remainder when a is divided by 35.
12
Let h be (-4)/26 - 6/(-26)*5. What is the remainder when h/(6 - 3994/666) is divided by 5?
3
Let y(o) = 2*o**2 - 76*o + 721. Calculate the remainder when 385 is divided by y(12).
94
Calculate the remainder when (-6)/(-15) + 115204/415 is divided by 266.
12
Let c(w) be the first derivative of -w**3/3 - 11*w**2 - 30*w + 22. Calculate the remainder when c(-14) is divided by 17.
14
Let m = -218 + 67. Let i = m + 189. Let h = -16 + 36. Calculate the remainder when i is divided by h.
18
Let i = 123552 - 123512. Let p = 104 + -57. What is the remainder when p is divided by i?
7
Suppose -2*n = -4*h + 1016, 93*n - 32 = 89*n. What is the remainder when 45663 is divided by h?
255
Let w(o) = -o + 5. Suppose -z + 4*z + 148 = 2*q, -4*z - 8 = 0. Calculate the remainder when q is divided by w(-14).
14
Suppose 5*w - 6*w + 4*o = 5, 0 = -4*w + 2*o + 50. Let q = 43 + 220. Suppose -q = -3*a - 89. What is the remainder when a is divided by w?
13
Let c be 5/3*(-9)/(-3). Let i(d) = 3*d**2 + 0*d**3 + c*d - 3*d**3 + 2 + 5*d**2 + 4*d**3. Calculate the remainder when 43 is divided by i(-7).
11
Let p(d) be the first derivative of d**2/2 + 21*d - 1. Let r be p(-9). What is the remainder when 79 is divided by (-80)/2*(-6)/r?
19
Let x(w) = -8*w + 51 + 20*w - 6*w - 13*w. Let r be x(0). Suppose -77 = -4*a + r. What is the remainder when 158 is divided by a?
30
Let x = 2866 - 2469. What is the remainder when x is divided by 27?
19
Calculate the remainder when 1551 + 0 + 8 + (-256)/32 is divided by 224.
207
Let y(u) = 790*u - 2361. What is the remainder when 2121 is divided by y(3)?
6
Suppose 2*d + 16*j - 20*j = 126, 2*d - 150 = -2*j. Calculate the remainder when d is divided by 22.
5
Let o = -4566 + 6291. Calculate the remainder when o is divided by 157.
155
Let y be 1/4 - ((-300)/16 + -3). Suppose 4*q + 8 = 2*q, l - y = 5*q. Let i(o) = o**3 + 2*o**2 - o. What is the remainder when 53 is divided by i(l)?
11
Let n = -99 + 271. Let b = 52203 + -52174. What is the remainder when n is divided by b?
27
Let v(y) = -2915*y + 20474. What is the remainder when 99 is divided by v(7)?
30
Let p be (295 - 4) + 3*(-5)/15. Let j = 444 - p. Calculate the remainder when j is divided by 53.
48
Suppose -11064 - 19936 = -25*w. Let g = w - 733. What is the r